= -2*j. Let c be l(j). Let m(d) = c*d + 4*d - 5*d. Give m(3).
-3
Let f(t) = -2*t**3 + 5*t**2 - 5*t + 3. Suppose 0 = 5*p - 2*p - 9. Let q(m) = -3*m**3 + 5 + 12*m**2 - p*m**2 + m - 10*m. Let y(s) = -5*f(s) + 3*q(s). Give y(-3).
-3
Let f(j) = j**2 + 5*j + 6. Suppose 0 = -4*p + 16, -3*v = v + p + 12. Give f(v).
2
Let g be (-60)/(-9)*(-15)/10. Let r be (-5 + 8)*g/(-6). Let u(l) = l**3 - 5*l**2 - 2*l + 3. What is u(r)?
-7
Let t be ((-1)/3)/((-1)/3). Let h(x) be the second derivative of -3*x**5/20 - x**4/12 - x**3/6 + x**2/2 + 248*x. Calculate h(t).
-4
Suppose -3*r = -0*r. Suppose r = -2*i + 4. Let s(g) be the second derivative of -g**5/20 + g**4/6 + g**3/2 - 3*g**2/2 + g. Give s(i).
3
Let k = 20 - 10. Suppose -4*b - 2*h = -2, -2*b - 2*h - 2*h = -k. Let c(a) = 4*a**2 + a. What is c(b)?
3
Let l(v) be the third derivative of -v**7/840 + v**5/15 - v**2. Let i(q) be the third derivative of l(q). What is i(-2)?
12
Let h(m) = m. Let c(l) = 3*l. Let r(p) = 2*c(p) - 5*h(p). Calculate r(6).
6
Let p(x) = -2*x - 5. Let y = -24 - -19. Determine p(y).
5
Suppose -15 + 17 = 2*q. Let v(f) = -3*f + 1. Calculate v(q).
-2
Let w(s) = 7 + 3*s - 2*s + 7*s - 3*s. Let o(c) = 5*c + 6. Let y(z) = 6*o(z) - 5*w(z). Determine y(1).
6
Let i(r) = -r**3 + 4*r**2 - 4*r + 6. Suppose -2*w = -18 + 6. Let o(l) = 2*l + 4. Let f be o(-3). Let y = f + w. Determine i(y).
-10
Let w(a) = a**2 - 6*a + 2. Suppose m - r + 1 = 7, -r = -5*m + 30. Determine w(m).
2
Suppose 2*d = -3*d + 5. Let r be (29/3)/(d/(-15)). Let m be 1/5 + r/(-25). Let h(z) = z**3 - 6*z**2 + z - 8. What is h(m)?
-2
Let q = -7 - -9. Suppose -q*i + i = 0. Let d(b) = i + b - b - 3*b - 3. Give d(-4).
9
Let p(f) = 1 - 19*f**3 + 6*f - 6*f - 2*f**2 + 12*f**3. Calculate p(-1).
6
Let s(i) = 2*i. Let k(m) = -6*m - 1. Let b(r) = -k(r) - 2*s(r). What is b(1)?
3
Let l be (-2 - (6 + -3))/(-1). Suppose -4*z = -4*s + 2*s - 2, -l*z = 0. Let o(c) = -10*c**3 - c**2. What is o(s)?
9
Let a(z) = -z**2 - z. Let h(f) = -8*f + 5. Let b(v) = a(v) - h(v). Suppose -2*q - 3*n = n - 20, n - 6 = -q. Suppose 2*p + q*p = 20. What is b(p)?
5
Let t = 0 - 1. Let k be (t/(-3))/((-2)/(-18)). Let s(h) = 3*h**3 - 3 - 2*h**3 - 2*h**k - 4*h**2. What is s(-4)?
-3
Let m(t) be the third derivative of -t**3 + 1/20*t**5 - t**2 + 5/24*t**4 + 0*t - 1/120*t**6 + 0. What is m(4)?
-2
Let l = 37 - 33. Let x(b) = b**3 - 4*b**2 + 3*b - 1. Calculate x(l).
11
Let y(r) = 21*r - 2*r**2 + 0*r**2 - 24*r. Give y(-2).
-2
Let k = -97 - -95. Let o(l) = -3*l + 1. What is o(k)?
7
Let c(u) = u. Let j be c(4). Suppose j*q + 5 = 25. Let y(k) = k**2 + 3*k + 3*k - 2*k**2. Determine y(q).
5
Let k = 11 - 9. Let f(l) = 9*l**2 + 0*l**k - 2 + 1. Calculate f(1).
8
Suppose 3*s + s + 4 = 0. Let r(c) = c + 7. Let b be r(-6). Let u(h) = -h - b + 0 + 3*h. Calculate u(s).
-3
Let o(y) = y**3 + 4*y**2 - 4*y - 1. Let z(k) = -k + 9. Let h be z(7). Suppose -x - 3*b + 9 = -0*x, h*x + 4*b = 8. Let d be (1 - x)*-1 - -2. What is o(d)?
-6
Let s(o) be the third derivative of o**5/60 + o**4/8 + o**3/3 + 4*o**2. What is s(-3)?
2
Let m(y) = 1 + 1 + y + 13*y**3 - 2*y**3 + 3*y**2 - 9*y**3. Determine m(-2).
-4
Let o(l) = -3*l**3 + 26*l**2 - 11*l + 4. Let t(m) = m**3 - 9*m**2 + 4*m - 1. Let f(w) = -3*o(w) - 8*t(w). Determine f(6).
2
Let r(h) be the second derivative of 5*h**4/12 - 4*h**3/3 - h**2/2 + 5*h. Let z(f) = -4*f**2 + 8*f. Let c(k) = 3*r(k) + 4*z(k). What is c(6)?
9
Let i(w) = -70*w**3 - 5*w**2 - 11*w - 11. Let o(q) = -14*q**3 - q**2 - 2*q - 2. Let r(m) = 2*i(m) - 11*o(m). Give r(-1).
-13
Suppose n + 4*n - 30 = 3*p, -2*n + 12 = 4*p. Let c be n/2*(-3)/(-3). Let l(z) = z**2 - 6*z. Determine l(c).
-9
Suppose -5*h + 13 = 3. Let k(z) = 3*z**2 + 27*z + 1 - 4*z**h - 27*z. Calculate k(-1).
0
Let r(a) = -a**3 - a**2 + a - 8. Let t(j) = -j**2 + 14*j. Let w be t(14). Determine r(w).
-8
Suppose a + 2*a = 12. Suppose 0 = -a*c - 16. Let h(x) = x**2 + 2*x - 1. Give h(c).
7
Let u = -5 - -8. Suppose -3*q + 2 = b, -q - u + 0 = 4*b. Let h(i) be the third derivative of i**5/12 + i**4/24 + i**3/6 - i**2. Calculate h(b).
5
Let b be (-2)/3 - 20/6. Let m = b - 1. Let c(n) = 0*n + 4*n - 5*n - 3. Give c(m).
2
Suppose 2*q = 2 + 10. Suppose -1 + q = 5*k. Let x(w) = -w. Give x(k).
-1
Let g(l) be the third derivative of -l**5/60 + l**4/24 - l**3/6 - 10*l**2. Give g(2).
-3
Let c(w) be the first derivative of -w**2 - 2*w - 13. Give c(2).
-6
Let u(w) = 4*w**2 - 1. Suppose -3*r - 4 = -a + 5*a, r - 4*a = 20. Suppose -4 + 1 = -n. Suppose 1 = t - n*y, -y - y = r*t - 4. What is u(t)?
3
Suppose 4*r = -0*r - m + 26, -4*r = 4*m - 32. Let k(y) = -y + 8. What is k(r)?
2
Let n(i) be the first derivative of 2*i**2 - i - 13. Let x(c) = -c**2 - 3*c. Let s be x(-2). Suppose s = -0*f - f. Calculate n(f).
-9
Let l(v) = -v**3 - 3*v**2 - 2*v + 1. Let p(a) = a - 9. Let c be p(7). Determine l(c).
1
Let x = 18 - 18. Let v(o) be the third derivative of -1/6*o**3 + o**2 + 0 + x*o + 1/8*o**4. Calculate v(-3).
-10
Suppose 2*x + 2*x = 0. Suppose x - 1 = s. Let f(o) = -7*o**3 - o**2 - 2*o - 1. Give f(s).
7
Suppose 0 = 3*r + r + 84. Let i be ((-12)/r)/(6/21). Let t(q) = 3*q + 4*q**2 - 2 - 3*q**2 + i - 2. Determine t(-2).
-4
Let u(g) be the first derivative of -5/2*g**2 - 3 + 1/3*g**3 + g. Give u(4).
-3
Let a(u) be the second derivative of u**3/6 - 11*u**2/2 - 43*u. What is a(6)?
-5
Let w(r) = -3*r + r**3 + 523*r**2 - 1 - 2*r**3 - 528*r**2. Determine w(-2).
-7
Let z(m) = -2426 + 4*m - 3*m + 2419. Calculate z(7).
0
Let l(s) be the second derivative of -s**3/2 + 4*s**2 + 4*s. Calculate l(6).
-10
Suppose 5*w + 32 = -8. Let c be (-5)/(70/w)*7. Let a(v) = -v. Let n(z) = 4*z - 6. Let y(i) = -a(i) - n(i). Calculate y(c).
-6
Let a(b) = -15 + 12 - 6*b + b**2 - 6*b**2 - b**3. Give a(-4).
5
Let x(a) = 3*a. Let o be 2/3*(6 + 0). Let h = o - 5. Calculate x(h).
-3
Let g(l) be the third derivative of -l**4/8 + 5*l**3/6 + 16*l**2. Suppose 0*m - 4 = -m. What is g(m)?
-7
Let f = -18 - -22. Let y(l) = -l**2 + 5*l - 6. Calculate y(f).
-2
Let r(h) = 0*h**2 - h**3 - h - h**2 + 2*h**3. Suppose -4*o = -5*l - 15, 0*l + o = 3*l + 9. Let g = l + 2. What is r(g)?
-1
Let c(j) = 5*j**3 - 2*j**2 + 7*j + 1. Let s(i) = -9*i**3 + 3*i**2 - 13*i - 2. Let o(x) = -11*c(x) - 6*s(x). Give o(4).
5
Let u be (12/10)/(1/(-5)). Let j(q) = 2*q - 2. Let f(y) = -1. Let t(o) = u*f(o) + j(o). What is t(-4)?
-4
Let u(n) = n**2. Let v be u(0). Let k(l) be the first derivative of l**4/4 + l**3/3 + 5*l - 20. Let r be k(v). Let d(x) = -x + 1. Give d(r).
-4
Let b be 2/(-5) - (-36)/15. Let w be -10 + b + 4/2. Let c = w + 5. Let h(f) = 5*f**2 - f. Give h(c).
6
Let r(c) = 0 + 0*c**2 + 2 - 3*c - c**2. Let b(l) = -2*l**2 + 0 + l + l**2 - 2. Let w be b(2). Calculate r(w).
-2
Suppose -d + 8 = 2*d + p, 0 = -2*d + 2*p + 8. Let f = 1 - -1. Let b(a) = f*a**2 - 4*a**3 + 3*a**3 + 3*a**3 - a - 3*a**d. What is b(2)?
-2
Let b(i) be the second derivative of i + 5/12*i**4 + 0*i**3 - 1/2*i**2 + 0. Determine b(-1).
4
Let z(o) = -o**2 + 4*o - 1. Let x be z(3). Suppose 37 = -5*w + 3*m, x*m = -5*w - 2*m - 9. Let f(i) = i**3 + 6*i**2 + 7*i + 6. Give f(w).
-4
Let l be (-2 - -4 - 1) + -3. Let c(a) = a**3 - a**2 - 2*a - 1. Calculate c(l).
-9
Let c be ((-16)/(-5))/((-2)/(-5)). Suppose 0 = 4*r + 4 - c. Let o(k) be the second derivative of -9*k**5/20 - k. Give o(r).
-9
Let r(u) = -u**3 - 4*u**2. Let y be r(-4). Suppose w - 2*w + 2 = y. Suppose 3*m - w = 7. Let z(h) = -h + 2. Calculate z(m).
-1
Let x(v) = -v**2 + 4*v. Let c be x(4). Let o(j) = -2*j**2 + 16*j - 11. Let r be o(7). Suppose -n = -c + r. Let b(i) = -3*i - 3. What is b(n)?
6
Let p(n) = -5*n + 8. Let d(i) = -6*i + 9. Let q(z) = 3*d(z) - 4*p(z). Suppose -3*o = 4*u - 12, -3*o + u + 7 + 5 = 0. Determine q(o).
3
Let b(u) = -u**3 - 5*u**2 - 4*u - 1. Suppose -5*p + 2*n = 7, n + 6 = 2. What is b(p)?
-7
Suppose 0 = 8*a + 21 + 11. Let s(z) = z**2 + 3*z + 1. Give s(a).
5
Let h(a) = -4*a - 3. Let s be ((-1)/2)/((-6)/(-36)). Give h(s).
9
Let y(c) = c**2 - 13*c - 11. Let q be y(14). Let w(z) = -5 - q + 2 + 0 - z. Calculate w(-5).
-1
Let z(p) be the second derivative of -p**4/12 - p**3/3 - 3*p**2/2 - p. Suppose 15 - 21 = 2*n. Give z(n).
-6
Let h(m) be the first derivative of -m**4/4 - m**3 - m**2/2 + 2*m + 14. What is h(-2)?
0
Suppose 0 = -3*z + 18 - 0. Let b(h) be the second derivative of h**4/12 - 7*h**3/6 - 3*